{"id":3,"date":"2021-03-06T17:27:49","date_gmt":"2021-03-06T16:27:49","guid":{"rendered":"http:\/\/rysujeeventy.pl\/?page_id=3"},"modified":"2023-03-13T18:50:24","modified_gmt":"2023-03-13T17:50:24","slug":"polityka-prywatnosci","status":"publish","type":"page","link":"https:\/\/rysujeeventy.pl\/index.php\/polityka-prywatnosci\/","title":{"rendered":"Polityka prywatno\u015bci"},"content":{"rendered":"\r\n<h2 class=\"wp-block-heading\">Kim jestem?<\/h2>\r\n\r\n\r\n\r\n<p>Nazywam si\u0119 Sylwia Chmielewska i to ja <strong>rysuj\u0119 EVENTY. <\/strong>Tutaj znajdziesz pe\u0142ne dane mojej firmy: rysuj\u0119 EVENTY Sylwia Chmielewska, ul. Ocicka 64,\u00a0 47-400 Racib\u00f3rz,\u00a0 NIP 899 26 17 333. Adres strony internetowej to: https:\/\/rysujeeventy.pl a mail kontaktowy sylwia@rysujeeventy.pl\u00a0<\/p>\r\n\r\n\r\n\r\n<h2 class=\"wp-block-heading\">Jak przetwarzam Twoje dane?<\/h2>\r\n<ol>\r\n<li><strong>Zakres danych<\/strong>: przetwarzam nast\u0119puj\u0105ce kategorie Waszych danych: dane identyfikacyjne (imi\u0119, nazwisko), dane kontaktowe (adres, numer telefonu, adres poczty elektronicznej); kt\u00f3re mog\u0105 Pa\u0144stwo pozostawi\u0107 w formularzu kontaktowym.<\/li>\r\n<li><strong>Administrator<\/strong>: Administratorem danych osobowych jest rysuj\u0119 EVENTY Sylwia Chmielewska, ul. Ocicka 64,\u00a0 47-400 Racib\u00f3rz,\u00a0 NIP 899 26 17 333.\u00a0<\/li>\r\n<li><strong>Kontakt ze specjalist\u0105 ds. ochrony danych<\/strong>: Mog\u0105 Pa\u0144stwo skontaktowa\u0107 si\u0119 ze specjalist\u0105 ds. ochrony danych Sp\u00f3\u0142ki w formie tradycyjnej na adres siedziby Sp\u00f3\u0142ki z dopiskiem \u201eInspektor Ochrony Danych\u201d lub w formie elektronicznej na adres e-mail: sylwia@rysujeeventy.pl<\/li>\r\n<li><strong>Cele i podstawa przetwarzania:<\/strong><br \/>Pa\u0144stwa dane osobowe przetwarzane b\u0119d\u0105 w nast\u0119puj\u0105cym celu:\r\n<ul>\r\n<li>podj\u0119cia kontaktu i udzielenia odpowiedzi na zapytanie (podstawa prawna: art. 6 ust. 1 lit. f RODO);<\/li>\r\n<li>analitycznym \u2013 lepszego doboru us\u0142ug do potrzeb naszych klient\u00f3w, og\u00f3lnej optymalizacji naszych produkt\u00f3w, optymalizacji proces\u00f3w obs\u0142ugi, budowania wiedzy o naszych klientach b\u0119d\u0105cych realizacj\u0105 naszego prawnie uzasadnionego interesu (podstawa prawna: art. 6 ust. 1 lit. f RODO);<\/li>\r\n<li>archiwalnym (dowodowych) b\u0119d\u0105cych realizacj\u0105 naszego prawnie uzasadnionego interesu zabezpieczenia informacji na wypadek prawnej potrzeby wykazania fakt\u00f3w (podstawa prawna: art. 6 ust. 1 lit. f RODO);<\/li>\r\n<\/ul>\r\n<\/li>\r\n<li><strong>Odbiorcy danych<\/strong>: odbiorc\u0105 Pa\u0144stwa danych osobowych b\u0119d\u0105: podmioty \u015bwiadcz\u0105ce us\u0142ugi informatyczne;<\/li>\r\n<li><strong>Okres przechowywania<\/strong>: Dane przetwarzane na podstawie prawnie uzasadnionego interesu administratora danych mo\u017cemy przetwarza\u0107 do czasu wype\u0142nienia prawnie uzasadnionych interes\u00f3w firmy stanowi\u0105cych podstaw\u0119 tego przetwarzania lub do czasu wniesienia przez Pa\u0144stwa sprzeciwu wobec takiego przetwarzania;<\/li>\r\n<li><strong>Pouczenie o prawach<\/strong>: przys\u0142uguje Pa\u0144stwu prawo dost\u0119pu do tre\u015bci swoich danych oraz prawo ich sprostowania, usuni\u0119cia, ograniczenia przetwarzania, prawo do przenoszenia danych, prawo wniesienia sprzeciwu wobec przetwarzania danych, prawo wniesienia sprzeciwu wobec profilowania, prawo do cofni\u0119cia zgody w dowolnym momencie bez podania przyczyny, bez wp\u0142ywu na zgodno\u015b\u0107 z prawem przetwarzania, kt\u00f3rego dokonano na podstawie zgody przed jej cofni\u0119ciem;<\/li>\r\n<li><strong>Prawo do skargi<\/strong>: przys\u0142uguje Pa\u0144stwu prawo wniesienia skargi do Prezesa Urz\u0119du Ochrony Danych Osobowych, gdy uznaj\u0105 Pa\u0144stwo, i\u017c przetwarzanie danych osobowych Pa\u0144stwa dotycz\u0105cych narusza przepisy RODO;<\/li>\r\n<li><strong>Prawo do sprzeciwu<\/strong>: w ka\u017cdej chwili przys\u0142uguje Pa\u0144stwu prawo do wniesienia sprzeciwu wobec przetwarzania Pa\u0144stwa danych na podstawie prawnie uzasadnionego interesu, opisanego powy\u017cej. Przestaniemy przetwarza\u0107 Pa\u0144stwa dane w tych celach, chyba \u017ce b\u0119dziemy w stanie wykaza\u0107, \u017ce w stosunku do tych danych istniej\u0105 dla nas wa\u017cne prawnie uzasadnione podstawy, kt\u00f3re s\u0105 nadrz\u0119dne wobec Pa\u0144stwa interes\u00f3w, praw i wolno\u015bci, lub dane b\u0119d\u0105 nam niezb\u0119dne do ewentualnego ustalenia, dochodzenia lub obrony roszcze\u0144;<\/li>\r\n<li><strong>Profilowanie:<\/strong> Pa\u0144stwa dane osobowe nie podlegaj\u0105 zautomatyzowanemu podejmowaniu decyzji, w tym profilowaniu zwi\u0105zanym z automatycznym podejmowaniem decyzji;<\/li>\r\n<li><strong>Pliki cookies (ciasteczka)<\/strong> wykorzystywane na stronie rysuj\u0119 EVENTY s\u0142u\u017c\u0105 do zbierania anonimowych statystyk &#8211; liczby ods\u0142on strony, u\u017cywanych urz\u0105dze\u0144, zapyta\u0144 czy popularnych wpis\u00f3w. Dzi\u0119ki temu mog\u0119 pracowa\u0107 nad optymalizacj\u0105 strony. W ka\u017cdej chwili mo\u017cesz wy\u0142\u0105czy\u0107 funkcj\u0119 zbierania plik\u00f3w cookies, zmieniaj\u0105 ustawienia w swojej przegl\u0105darce internetowej. Pami\u0119taj jednak o tym, \u017ce wprowadzone zmiany mog\u0105 wp\u0142yn\u0105\u0107 na poprawne dzia\u0142anie niekt\u00f3rych funkcjonalno\u015bci na stronie.\u00a0<\/li>\r\n<\/ol>\r\n\r\n\r\n\r\n\r\n\r\n\r\n","protected":false},"excerpt":{"rendered":"<p>Kim jestem? Nazywam si\u0119 Sylwia Chmielewska i to ja rysuj\u0119 EVENTY. Tutaj znajdziesz pe\u0142ne dane mojej firmy: rysuj\u0119 EVENTY Sylwia Chmielewska, ul. Ocicka 64,\u00a0 47-400 Racib\u00f3rz,\u00a0 NIP 899 26 17 333. Adres strony internetowej to: https:\/\/rysujeeventy.pl a mail kontaktowy sylwia@rysujeeventy.pl\u00a0 Jak przetwarzam Twoje dane? Zakres danych: przetwarzam nast\u0119puj\u0105ce kategorie Waszych danych: dane identyfikacyjne (imi\u0119, nazwisko), [&hellip;]<\/p>\n","protected":false},"author":1,"featured_media":0,"parent":0,"menu_order":31,"comment_status":"closed","ping_status":"closed","template":"","meta":{"footnotes":""},"class_list":["post-3","page","type-page","status-publish","hentry"],"yoast_head":"<!-- This site is optimized with the Yoast SEO plugin v15.9.1 - https:\/\/yoast.com\/wordpress\/plugins\/seo\/ -->\n<title>Polityka prywatno\u015bci - rysuj\u0119 EVENTY<\/title>\n<meta name=\"description\" content=\"Nazywam si\u0119 Sylwia Chmielewska i odpowiadam za brand rysuj\u0119 EVENTY. Tutaj znajdziesz polityk\u0119 prywatno\u015bci i info o cookies.\" \/>\n<link rel=\"canonical\" href=\"https:\/\/rysujeeventy.pl\/index.php\/polityka-prywatnosci\/\" \/>\n<meta property=\"og:locale\" content=\"pl_PL\" \/>\n<meta property=\"og:type\" content=\"article\" \/>\n<meta property=\"og:title\" content=\"Polityka prywatno\u015bci - rysuj\u0119 EVENTY\" \/>\n<meta property=\"og:description\" content=\"Nazywam si\u0119 Sylwia Chmielewska i odpowiadam za brand rysuj\u0119 EVENTY. Tutaj znajdziesz polityk\u0119 prywatno\u015bci i info o cookies.\" \/>\n<meta property=\"og:url\" content=\"https:\/\/rysujeeventy.pl\/index.php\/polityka-prywatnosci\/\" \/>\n<meta property=\"og:site_name\" content=\"rysuj\u0119 EVENTY\" \/>\n<meta property=\"article:modified_time\" content=\"2023-03-13T17:50:24+00:00\" \/>\n<meta name=\"twitter:card\" content=\"summary_large_image\" \/>\n<meta name=\"twitter:label1\" content=\"Est. reading time\">\n\t<meta name=\"twitter:data1\" content=\"3 minuty\">\n<script type=\"application\/ld+json\" class=\"yoast-schema-graph\">{\"@context\":\"https:\/\/schema.org\",\"@graph\":[{\"@type\":\"WebSite\",\"@id\":\"https:\/\/rysujeeventy.pl\/#website\",\"url\":\"https:\/\/rysujeeventy.pl\/\",\"name\":\"rysuj\\u0119 EVENTY\",\"description\":\"rysuj\\u0119 EVENTY - Sylwia Chmielewska\",\"potentialAction\":[{\"@type\":\"SearchAction\",\"target\":\"https:\/\/rysujeeventy.pl\/?s={search_term_string}\",\"query-input\":\"required name=search_term_string\"}],\"inLanguage\":\"pl-PL\"},{\"@type\":\"WebPage\",\"@id\":\"https:\/\/rysujeeventy.pl\/index.php\/polityka-prywatnosci\/#webpage\",\"url\":\"https:\/\/rysujeeventy.pl\/index.php\/polityka-prywatnosci\/\",\"name\":\"Polityka prywatno\\u015bci - rysuj\\u0119 EVENTY\",\"isPartOf\":{\"@id\":\"https:\/\/rysujeeventy.pl\/#website\"},\"datePublished\":\"2021-03-06T16:27:49+00:00\",\"dateModified\":\"2023-03-13T17:50:24+00:00\",\"description\":\"Nazywam si\\u0119 Sylwia Chmielewska i odpowiadam za brand rysuj\\u0119 EVENTY. Tutaj znajdziesz polityk\\u0119 prywatno\\u015bci i info o cookies.\",\"breadcrumb\":{\"@id\":\"https:\/\/rysujeeventy.pl\/index.php\/polityka-prywatnosci\/#breadcrumb\"},\"inLanguage\":\"pl-PL\",\"potentialAction\":[{\"@type\":\"ReadAction\",\"target\":[\"https:\/\/rysujeeventy.pl\/index.php\/polityka-prywatnosci\/\"]}]},{\"@type\":\"BreadcrumbList\",\"@id\":\"https:\/\/rysujeeventy.pl\/index.php\/polityka-prywatnosci\/#breadcrumb\",\"itemListElement\":[{\"@type\":\"ListItem\",\"position\":1,\"item\":{\"@type\":\"WebPage\",\"@id\":\"https:\/\/rysujeeventy.pl\/\",\"url\":\"https:\/\/rysujeeventy.pl\/\",\"name\":\"Strona g\\u0142\\u00f3wna\"}},{\"@type\":\"ListItem\",\"position\":2,\"item\":{\"@type\":\"WebPage\",\"@id\":\"https:\/\/rysujeeventy.pl\/index.php\/polityka-prywatnosci\/\",\"url\":\"https:\/\/rysujeeventy.pl\/index.php\/polityka-prywatnosci\/\",\"name\":\"Polityka prywatno\\u015bci\"}}]}]}<\/script>\n<!-- \/ Yoast SEO plugin. -->","_links":{"self":[{"href":"https:\/\/rysujeeventy.pl\/index.php\/wp-json\/wp\/v2\/pages\/3","targetHints":{"allow":["GET"]}}],"collection":[{"href":"https:\/\/rysujeeventy.pl\/index.php\/wp-json\/wp\/v2\/pages"}],"about":[{"href":"https:\/\/rysujeeventy.pl\/index.php\/wp-json\/wp\/v2\/types\/page"}],"author":[{"embeddable":true,"href":"https:\/\/rysujeeventy.pl\/index.php\/wp-json\/wp\/v2\/users\/1"}],"replies":[{"embeddable":true,"href":"https:\/\/rysujeeventy.pl\/index.php\/wp-json\/wp\/v2\/comments?post=3"}],"version-history":[{"count":8,"href":"https:\/\/rysujeeventy.pl\/index.php\/wp-json\/wp\/v2\/pages\/3\/revisions"}],"predecessor-version":[{"id":1779,"href":"https:\/\/rysujeeventy.pl\/index.php\/wp-json\/wp\/v2\/pages\/3\/revisions\/1779"}],"wp:attachment":[{"href":"https:\/\/rysujeeventy.pl\/index.php\/wp-json\/wp\/v2\/media?parent=3"}],"curies":[{"name":"wp","href":"https:\/\/api.w.org\/{rel}","templated":true}]}}